s of 433443?
3, 144481
What are the prime factors of 342717?
3, 71, 1609
List the prime factors of 2327614.
2, 19, 61253
What are the prime factors of 629250?
2, 3, 5, 839
List the prime factors of 2198988.
2, 3, 11, 617
List the prime factors of 4739091.
3, 7, 225671
List the prime factors of 327415.
5, 11, 5953
List the prime factors of 278703.
3, 173, 179
What are the prime factors of 1710401?
7, 11, 97, 229
What are the prime factors of 1911472?
2, 193, 619
What are the prime factors of 194829?
3, 101, 643
List the prime factors of 2374168.
2, 296771
What are the prime factors of 2756975?
5, 13, 17, 499
What are the prime factors of 431021?
431021
List the prime factors of 125188.
2, 7, 17, 263
List the prime factors of 3820850.
2, 5, 11, 6947
List the prime factors of 1580557.
11, 143687
What are the prime factors of 160585?
5, 32117
List the prime factors of 25632.
2, 3, 89
List the prime factors of 3792384.
2, 3, 823
What are the prime factors of 1283496?
2, 3, 53479
What are the prime factors of 313085?
5, 62617
List the prime factors of 2700828.
2, 3, 13, 29, 199
List the prime factors of 5007485.
5, 7, 173, 827
What are the prime factors of 1907989?
1907989
What are the prime factors of 240921?
3, 8923
List the prime factors of 5028826.
2, 11, 179, 1277
What are the prime factors of 10539743?
163, 64661
What are the prime factors of 49704?
2, 3, 19, 109
List the prime factors of 204152.
2, 13, 151
What are the prime factors of 247212?
2, 3, 7, 109
What are the prime factors of 36432477?
3, 41, 32911
What are the prime factors of 90037?
179, 503
List the prime factors of 2823910.
2, 5, 282391
List the prime factors of 45732.
2, 3, 37, 103
What are the prime factors of 487545?
3, 5, 32503
What are the prime factors of 98512?
2, 47, 131
What are the prime factors of 1713752?
2, 214219
List the prime factors of 98655.
3, 5, 6577
List the prime factors of 3635521.
43, 59, 1433
What are the prime factors of 6249644?
2, 1562411
What are the prime factors of 196169?
196169
What are the prime factors of 220473?
3, 11, 17, 131
What are the prime factors of 641704?
2, 7, 1637
What are the prime factors of 3993421?
23, 7549
List the prime factors of 409458.
2, 3, 7, 9749
List the prime factors of 581365.
5, 116273
What are the prime factors of 83695?
5, 19, 881
List the prime factors of 4892892.
2, 3, 407741
What are the prime factors of 1804978?
2, 7, 229, 563
List the prime factors of 15015548.
2, 19, 197573
List the prime factors of 20382.
2, 3, 43, 79
What are the prime factors of 324569?
7, 199, 233
What are the prime factors of 566682?
2, 3, 94447
List the prime factors of 15595726.
2, 1321, 5903
What are the prime factors of 249700?
2, 5, 11, 227
List the prime factors of 203980.
2, 5, 7, 31, 47
What are the prime factors of 1757106?
2, 3, 13, 2503
What are the prime factors of 628851?
3, 97, 2161
List the prime factors of 682361.
682361
What are the prime factors of 213959?
19, 11261
What are the prime factors of 922608?
2, 3, 43, 149
What are the prime factors of 10288259?
2917, 3527
What are the prime factors of 4907504?
2, 7, 43, 1019
List the prime factors of 6346564.
2, 7, 226663
What are the prime factors of 3373810?
2, 5, 11, 30671
What are the prime factors of 21503623?
17, 37, 2011
List the prime factors of 4298517.
3, 151, 3163
List the prime factors of 721960.
2, 5, 18049
List the prime factors of 392934.
2, 3, 43, 1523
What are the prime factors of 314673?
3, 104891
List the prime factors of 1354430.
2, 5, 7, 11, 1759
What are the prime factors of 5452582?
2, 19, 143489
What are the prime factors of 24723?
3, 41, 67
List the prime factors of 804841.
389, 2069
List the prime factors of 466235.
5, 7, 11, 173
What are the prime factors of 184113?
3, 2273
List the prime factors of 8951581.
8951581
What are the prime factors of 18217989?
3, 2024221
What are the prime factors of 88974?
2, 3, 4943
List the prime factors of 190719.
3, 21191
What are the prime factors of 1532384?
2, 7, 6841
What are the prime factors of 505132?
2, 293, 431
List the prime factors of 239579.
239579
What are the prime factors of 1309292?
2, 29, 11287
What are the prime factors of 100347?
3, 13, 31, 83
List the prime factors of 24169165.
5, 1181, 4093
What are the prime factors of 213824?
2, 13, 257
What are the prime factors of 9786903?
3, 7, 466043
What are the prime factors of 118366?
2, 59183
What are the prime factors of 508247?
419, 1213
List the prime factors of 837645.
3, 5, 55843
List the prime factors of 23565571.
23565571
List the prime factors of 754240.
2, 5, 2357
List the prime factors of 2467576.
2, 308447
What are the prime factors of 1629127?
17, 61, 1571
What are the prime factors of 1255025?
5, 17, 2953
List the prime factors of 1003982.
2, 7, 71713
What are the prime factors of 297202?
2, 181, 821
What are the prime factors of 90974?
2, 13, 3499
List the prime factors of 26858638.
2, 397, 33827
What are the prime factors of 10913?
7, 1559
List the prime factors of 6118861.
7, 17, 51419
What are the prime factors of 2857501?
2857501
What are the prime factors of 8954978?
2, 4477489
List the prime factors of 410188.
2, 102547
List the prime factors of 3415222.
2, 1707611
What are the prime factors of 12666641?
13, 47, 20731
List the prime factors of 3004934.
2, 1502467
What are the prime factors of 169659?
3, 7, 2693
What are the prime factors of 32499?
3, 23, 157
List the prime factors of 1355118.
2, 3, 19, 11887
List the prime factors of 2467089.
3, 274121
What are the prime factors of 833375?
5, 59, 113
What are the prime factors of 656011?
97, 6763
List the prime factors of 2154808.
2, 269351
List the prime factors of 22426815.
3, 5, 1039, 1439
List the prime factors of 688283.
113, 6091
What are the prime factors of 492281?
492281
List the prime factors of 3629740.
2, 5, 97, 1871
What are the prime factors of 1257619?
11, 114329
What are the prime factors of 486843?
3, 7, 97, 239
What are the prime factors of 19590169?
41, 477809
What are the prime factors of 111479?
41, 2719
List the prime factors of 35016932.
2, 73, 119921
List the prime factors of 20962445.
5, 7, 17, 719
List the prime factors of 15283466.
2, 11, 293, 2371
What are the prime factors of 3504288?
2, 3, 173, 211
What are the prime factors of 3249742?
2, 41, 39631
What are the prime factors of 2261300?
2, 5, 22613
List the prime factors of 211959.
3, 11, 2141
What are the prime factors of 557625?
3, 5, 1487
List the prime factors of 1179447.
3, 41, 43, 223
What are the prime factors of 9358528?
2, 31, 53, 89
What are the prime factors of 39231?
3, 1453
List the prime factors of 313301.
313301
What are the prime factors of 2733310?
2, 5, 443, 617
What are the prime factors of 209156?
2, 52289
List the prime factors of 9531077.
487, 19571
List the prime factors of 1022642.
2, 317, 1613
List the prime factors of 372337.
7, 43, 1237
What are the prime factors of 1108692?
2, 3, 13, 23, 103
List the prime factors of 28197.
3, 13, 241
List the prime factors of 1217602.
2, 557, 1093
What are the prime factors of 3635884?
2, 7, 129853
What are the prime factors of 1149775?
5, 11, 37, 113
List the prime factors of 307725.
3, 5, 11, 373
List the prime factors of 837095.
5, 7, 23917
List the prime factors of 274239.
3, 7, 1451
List the prime factors of 12793238.
2, 6396619
What are the prime factors of 659391?
3, 219797
List the prime factors of 488856.
2, 3, 20369
What are the prime factors of 250757?
13, 19289
What are the prime factors of 2584422?
2, 3, 29, 4951
What are the prime factors of 292756?
2, 73189
List the prime factors of 2182316.
2, 545579
List the prime factors of 18511327.
643, 28789
What are the prime factors of 3453919?
7, 59, 8363
What are the prime factors of 5777378?
2, 571, 5059
What are the prime factors of 4586486?
2, 19, 137, 881
What are the prime factors of 94963?
11, 89, 97
List the prime factors of 4210761.
3, 19, 31, 2383
List the prime factors of 473712.
2, 3, 71, 139
List the prime factors of 15699369.
3, 7, 59, 12671
List the prime factors of 13980366.
2, 3, 23, 33769
What are the prime factors of 11222546?
2, 5611273
List the prime factors of 318569.
318569
What are the prime factors of 396212?
2, 99053
What are the prime factors of 22180